ainder when 12447 is divided by 166.
163
Calculate the remainder when 90 is divided by 10.
0
Calculate the remainder when 30 is divided by 9.
3
What is the remainder when 383 is divided by 142?
99
Calculate the remainder when 862 is divided by 9.
7
Calculate the remainder when 769 is divided by 95.
9
What is the remainder when 11 is divided by 4?
3
Calculate the remainder when 381 is divided by 92.
13
Calculate the remainder when 962 is divided by 147.
80
Calculate the remainder when 5717 is divided by 22.
19
What is the remainder when 449 is divided by 176?
97
Calculate the remainder when 85 is divided by 56.
29
Calculate the remainder when 181 is divided by 8.
5
What is the remainder when 99 is divided by 34?
31
Calculate the remainder when 65 is divided by 28.
9
Calculate the remainder when 61 is divided by 16.
13
What is the remainder when 16 is divided by 11?
5
What is the remainder when 198 is divided by 28?
2
What is the remainder when 28 is divided by 8?
4
What is the remainder when 1114 is divided by 377?
360
Calculate the remainder when 978 is divided by 58.
50
Calculate the remainder when 93 is divided by 35.
23
Calculate the remainder when 100 is divided by 60.
40
Calculate the remainder when 227 is divided by 21.
17
Calculate the remainder when 169 is divided by 34.
33
What is the remainder when 385 is divided by 361?
24
What is the remainder when 174 is divided by 49?
27
Calculate the remainder when 1829 is divided by 910.
9
Calculate the remainder when 1078 is divided by 61.
41
Calculate the remainder when 40 is divided by 1.
0
Calculate the remainder when 77 is divided by 13.
12
What is the remainder when 1324 is divided by 129?
34
Calculate the remainder when 130 is divided by 17.
11
What is the remainder when 60 is divided by 8?
4
Calculate the remainder when 11626 is divided by 171.
169
What is the remainder when 187 is divided by 47?
46
What is the remainder when 1629 is divided by 68?
65
What is the remainder when 371 is divided by 75?
71
Calculate the remainder when 350 is divided by 344.
6
Calculate the remainder when 181 is divided by 13.
12
What is the remainder when 876 is divided by 46?
2
What is the remainder when 493 is divided by 84?
73
Calculate the remainder when 77 is divided by 17.
9
Calculate the remainder when 148 is divided by 22.
16
What is the remainder when 58 is divided by 25?
8
What is the remainder when 1047 is divided by 21?
18
What is the remainder when 187 is divided by 88?
11
What is the remainder when 1907 is divided by 49?
45
Calculate the remainder when 675 is divided by 77.
59
What is the remainder when 1759 is divided by 147?
142
What is the remainder when 1976 is divided by 110?
106
Calculate the remainder when 116 is divided by 12.
8
What is the remainder when 28 is divided by 24?
4
Calculate the remainder when 192 is divided by 184.
8
Calculate the remainder when 1040 is divided by 147.
11
What is the remainder when 100 is divided by 90?
10
Calculate the remainder when 22 is divided by 10.
2
What is the remainder when 1860 is divided by 918?
24
Calculate the remainder when 854 is divided by 41.
34
Calculate the remainder when 9444 is divided by 7.
1
What is the remainder when 10049 is divided by 19?
17
What is the remainder when 3595 is divided by 80?
75
What is the remainder when 285 is divided by 32?
29
What is the remainder when 991 is divided by 165?
1
Calculate the remainder when 286 is divided by 62.
38
What is the remainder when 78 is divided by 10?
8
Calculate the remainder when 13018 is divided by 35.
33
Calculate the remainder when 499 is divided by 256.
243
Calculate the remainder when 203 is divided by 24.
11
Calculate the remainder when 481 is divided by 18.
13
Calculate the remainder when 1374 is divided by 339.
18
Calculate the remainder when 231 is divided by 22.
11
Calculate the remainder when 61 is divided by 30.
1
What is the remainder when 163 is divided by 9?
1
What is the remainder when 12032 is divided by 26?
20
Calculate the remainder when 2906 is divided by 243.
233
What is the remainder when 227 is divided by 72?
11
What is the remainder when 382 is divided by 48?
46
Calculate the remainder when 643 is divided by 317.
9
Calculate the remainder when 9808 is divided by 3.
1
Calculate the remainder when 486 is divided by 44.
2
Calculate the remainder when 317 is divided by 49.
23
Calculate the remainder when 20 is divided by 6.
2
What is the remainder when 13980 is divided by 177?
174
Calculate the remainder when 1419 is divided by 29.
27
What is the remainder when 253 is divided by 90?
73
What is the remainder when 44 is divided by 35?
9
Calculate the remainder when 175 is divided by 54.
13
What is the remainder when 671 is divided by 9?
5
Calculate the remainder when 454 is divided by 152.
150
What is the remainder when 11194 is divided by 18?
16
Calculate the remainder when 1795 is divided by 73.
43
What is the remainder when 483 is divided by 26?
15
Calculate the remainder when 276 is divided by 10.
6
Calculate the remainder when 240 is divided by 152.
88
Calculate the remainder when 380 is divided by 37.
10
What is the remainder when 258 is divided by 42?
6
Calculate the remainder when 3521 is divided by 293.
5
Calculate the remainder when 12522 is divided by 1787.
13
Calculate the remainder when 101 is divided by 29.
14
What is the remainder when 98 is divided by 15?
8
Calculate the remainder when 3119 is divided by 52.
51
What is the remainder when 99 is divided by 46?
7
Calculate the remainder when 269 is divided by 34.
31
Calculate the remainder when 635 is divided by 43.
33
Calculate the remainder when 1056 is divided by 7.
6
What is the remainder when 6746 is divided by 17?
14
Calculate the remainder when 1298 is divided by 52.
50
Calculate the remainder when 158 is divided by 32.
30
What is the remainder when 8306 is divided by 2767?
5
Calculate the remainder when 16424 is divided by 222.
218
What is the remainder when 95 is divided by 32?
31
Calculate the remainder when 402 is divided by 63.
24
What is the remainder when 146 is divided by 38?
32
Calculate the remainder when 77 is divided by 46.
31
What is the remainder when 4950 is divided by 2471?
8
Calculate the remainder when 176 is divided by 23.
15
What is the remainder when 765 is divided by 24?
21
What is the remainder when 270 is divided by 1?
0
What is the remainder when 167 is divided by 28?
27
Calculate the remainder when 18 is divided by 11.
7
What is the remainder when 964 is divided by 28?
12
What is the remainder when 22539 is divided by 98?
97
Calculate the remainder when 132 is divided by 8.
4
Calculate the remainder when 552 is divided by 34.
8
What is the remainder when 167 is divided by 78?
11
Calculate the remainder when 1978 is divided by 12.
10
Calculate the remainder when 400 is divided by 86.
56
Calculate the remainder when 28076 is divided by 72.
68
What is the remainder when 754 is divided by 336?
82
Calculate the remainder when 292 is divided by 59.
56
What is the remainder when 1306 is divided by 109?
107
Calculate the remainder when 5234 is divided by 22.
20
Calculate the remainder when 57 is divided by 16.
9
Calculate the remainder when 50 is divided by 45.
5
Calculate the remainder when 456 is divided by 162.
132
What is the remainder when 40 is divided by 7?
5
What is the remainder when 79 is divided by 28?
23
What is the remainder when 5052 is divided by 19?
17
Calculate the remainder when 11 is divided by 8.
3
What is the remainder when 4222 is divided by 66?
64
Calculate the remainder when 270 is divided by 81.
27
Calculate the remainder when 16738 is divided by 465.
463
Calculate the remainder when 28 is divided by 20.
8
What is the remainder when 245 is divided by 63?
56
Calculate the remainder when 3100 is divided by 7.
6
Calculate the remainder when 95 is divided by 52.
43
What is the remainder when 292 is divided by 97?
1
What is the remainder when 21 is divided by 8?
5
Calculate the remainder when 1037 is divided by 16.
13
Calculate the remainder when 3349 is divided by 67.
66
What is the remainder when 266 is divided by 27?
23
Calculate the remainder when 84 is divided by 29.
26
Calculate the remainder when 737 is divided by 126.
107
What is the remainder w